
Evaluate 213 + (157 - 384) - (6 + (0 - (0 - 1))).
-21
What is (1 + -4 - -2 - 8) + (22487 - 22482)?
-4
Calculate 688 + -692 + (-46 - 69 - (-2 - (-2 + 1))).
-118
What is the value of 1 + 24 + (-13 + -12 + 4 - -2) + 7?
13
Evaluate -48 + -1 - (-116 + (81 - -40)).
-54
What is the value of -88 + 194 + -87 - (-27 - (2 - 1))?
47
Evaluate -56 - (19 - ((-407 - -398) + (15 - 0))).
-69
Calculate 23 + (-57 - (-5 - 20)) + (-4 - 5).
-18
What is the value of -50 - (-29 - (-40 + 41))?
-20
What is (73 - (14 - 7)) + (12 - 14) + -5?
59
Evaluate 2 + 7 + -1 + (25 - -7) + -20.
20
What is 119 + -19 + -21 + -10?
69
(88 + -51 - 91) + 54
0
8 - (2 + -11 + -9 + 61 - (2 - 7))
-40
2262 + -2352 + 106 + 3
19
Calculate -27 + 3 + (53 - 40) + 11.
0
What is 161 - (90 - (35 + -70))?
36
-53 + (-22 - -20 - 19) + 44
-30
What is the value of (-110 - -48) + -56 + 114?
-4
What is 7 + -3 + 8 + -41 + 38?
9
(3 - -27) + (13 - -48) + 19 + (1 - 14)
97
What is the value of (0 - -21) + (-26 - (-90 - -60)) - (-13 + 2)?
36
(-1 - 93) + (5115 - 4921)
100
Evaluate -3 + -4 + -3 - (-13 + 36 + 13).
-46
What is 3 + (-1 - 19) - (15 + -34)?
2
Evaluate 0 + 4 - (-11 - 15) - (0 + (-16 - -6)).
40
What is the value of -12 - ((-24 - (-10 + -35)) + -27)?
-6
Evaluate -133 - (-386 - -124) - (-1 - -25 - 3).
108
5 + (-3 - 6) + 46 + (-47 - -4)
-1
Calculate 5 + 1 - (-106 + 161).
-49
Calculate -54 - (-5 + -92 + 37).
6
Evaluate (-24 - (-67 - 6)) + -9.
40
What is the value of -42 + 124 + (-163 - -60)?
-21
What is 27 + (11 - 12) + -29 - (3 + 112)?
-118
Evaluate 0 + -4 - -39 - (19 - (-63 - -63)).
16
What is the value of -2 - -22 - 60 - -80?
40
What is the value of 12 + -11 + -13 + 35 + -66?
-43
What is -77 + (4 - (-25 + 1 + 12)) + 0?
-61
Evaluate 48 + (-3 - (10 - (-8 - -10 - -12))).
49
Calculate (-1 + 7 - (36 - 0)) + -14 + 20.
-24
19 + -118 - (-355 - -246)
10
What is the value of -19 + (-84 - (-89 - -15))?
-29
What is -10 + 0 + 0 + -3 + (-68 - -19) + -5?
-67
Evaluate -27 - (128 - (-26 + 151)).
-30
Evaluate 18 + -2 - (57 + (-5 - 61)).
25
What is the value of -23 + 20 + (-20 - 9) + -1 + 0 + 9?
-24
Evaluate -1 - (-2 + -2 - -9) - (19 + -22) - 37.
-40
Calculate 25 + (14 - 4) + (-13 - -25).
47
-7 + -3 + (-4 - (-7 - 42)) + -12
23
What is 43 - (87 - 63 - 92)?
111
Calculate 6 - (-10 + 2) - (18 - (4 - 9)).
-9
Evaluate (-65 - -76) + (-6 - -90) + -1 + -15.
79
What is 23 - (8 - ((-1 - 6) + 7)) - (-5 - 5)?
25
Calculate -123 + 113 - (0 - (8 - 2)) - 32.
-36
Calculate -85 + (77 - 75) - -138.
55
What is 55 + -2 + (-13 - (-16 + 8))?
48
12 + (18 - (12 + -2 - 5 - 14))
39
What is the value of -25 + 31 + -13 + 31 + -19?
5
What is the value of -49 + -1751 + 1780 + (1 - (15 + 1))?
-35
What is (-1249 - -1263) + (1 - 12 - 3)?
0
-12 - (-4 + 6) - (2 - (-2 - -8)) - 56
-66
What is (-14 + 7 + 12 - (2 - -6)) + -8?
-11
Evaluate -91 + -5 + 37 + 1.
-58
Evaluate -1 + (-95 - -70 - (-4 - -15 - 1)).
-36
Evaluate 2 - -80 - (4335 - 4217).
-36
Calculate -19 - (-30 + 10 - 1) - 8.
-6
0 + 89 + ((-20 - -33) + -5 + 13 - 20)
90
-72 + (31 - 0 - (-913 + 931))
-59
Calculate 5 + (11 - -3) + (10 - -2 - 15).
16
What is 70 + (-159 - (-151 + 83))?
-21
What is the value of (-13 - 35) + (-1 - 9) + 20 + 2?
-36
What is the value of 37 + -83 + 76 + (38 - 4)?
64
(-10 - -23) + -12 - -3 - (7 - 0)
-3
Calculate 68 - (-14 + 78 - -71).
-67
What is (1904 + -1935 - (0 + -1)) + -71?
-101
What is the value of (49034 - 49063) + (-3 + -2 + 3 - (-1 + -7))?
-23
Calculate (11 - (28 - (0 + (4 - -11)))) + 3 + 22.
23
Calculate (-3 + 7 - (-3 - 2 - (-10 - -3))) + -12.
-10
Calculate (1123 - 1131) + 1 + 15.
8
158 + 2 - (-13827 + 13932)
55
What is the value of 1 - (28 + -32) - (-3 + (82 - 0)) - -2?
-72
(0 - 111) + (30 + -24 + 11 + -21 - 12)
-127
Calculate 212 + -175 + (-2 - 26).
9
Calculate -38 + (7 + -1 - (-2 + 5 + -3)).
-32
Evaluate 81 - (6 + 28 + -8 + -10 + -8 - -2).
71
What is the value of (1 - 0) + 31 + 31 + -67 + -10?
-14
27 + -5 + 14 + -20 + (-53 - 21)
-58
-2 - (48 - 69 - 36)
55
What is the value of -12 - (1 + -7 - (29 + -16 + -18))?
-11
What is the value of -17 - 2 - (-4 + -57 + 31 + 12)?
-1
What is 16 + 15 + -16 + -16 + 8 + (-5 - -1)?
3
Evaluate (133 - 144) + -23 + (23 - 8).
-19
Calculate (1 - (-6 - -105)) + -1 + (-2 - 12) + 27.
-86
-30 + (-26 - (5 - 22) - -17) - 8
-30
Calculate -9 + -6 + 14 + -9 + 2 - 21.
-29
What is -84 + 32 + 39 - 13?
-26
What is -18 + (-83 - -10) + (19 - -11)?
-61
What is the value of -3 + -1 + -1 + (21 - (7 - -35))?
-26
15 + (-22 - 7 - -26) + 15
27
Evaluate -13 + 15 + (-21 - (-76 - -12)).
45
Calculate 0 + 6 + (8 - (15 + -96) - -14).
109
What is the value of -15 + -33 + -83 + -48 - -31?
-148
Evaluate (23 + -9 + (10 - 8) - (-15 + 21)) + -82.
-72
Evaluate -1 + -22 - (-72 - (-179 - -106)).
-24
Evaluate (87 - 170) + -59 + 81.
-61
Evaluate 39 + -36 - -43 - 7.
39
Calculate (-47 - -59) + 2 + -7 + 6 + -2.
11
Evaluate ((-80 - -76) + (0 - 0 - -3) - 44) + -2.
-47
-53 + (82 - (172 + -103))
-40
What is the value of 50 - (28 + -18 + 14)?
26
Calculate 3 + (-18 - 3) + (140 - (152 + -113)).
83
(6 + 6 + -24 - (-7 + -2)) + (-49 - 0)
-52
What is -25 - (-3 + -8 + 37 + -76 + 35)?
-10
Evaluate -70 - 73 - -160 - (-20 - -1).
36
Calculate (14 - (10 - 6)) + 36 + -18 + 32.
60
Calculate (-59 - 10 - -109) + -19.
21
-15 + 17 + (-8 - -24) - -49
67
-10 + -2 + (115 - 97) + -78
-72
What is 79 + (5 - (0 + 8)) + -19?
57
Calculate (-5 - (44 + -75)) + 0.
26
141 + -139 + 81 + 40
123
-90 + (-23 - -16) - (7 - (-7 + 8 + -9))
-112
4 + 40 - (-20 + -1 + (-53 - -21) + 44)
53
Calculate -4 + 81 + 3 - (-93 + 99).
74
(17 - (-17 + 21 + -3)) + 3
19
What is the value of -13 + (2 - -6) + (58 - 19) + -58?
-24
((23 - 11) + -4 - (-34 + 2)) + 3
43
What is -3749 + 3695 - ((13 - 14) + (16 - -1))?
-70
What is 1 + -2 + -34 + (-44 - (-13 + -42)) - -7?
-17
What is -30 - (177 - 180) - (10 - 2)?
-35
What is the value of (1 - -36 - 29) + -36 + 43?
15
-16 + 25 + 13 - 35 - (58 + -1)
-70
Calculate 3 + 7 + -5 + (5 - -8) + -15 - -29.
32
Calculate (51 - 101) + (31 - -14).
-5
Evaluate (13 - -45 - 38) + -7 - (11 + 1).
1
What is the value of 2 + -1 + (0 - -10) - ((-51 - 45) + 25)?
82
Evaluate 683 + -756 + (59 - 3).
-17
Calculate 10 + (22 + 55 - 10 - 11).
66
-18 + 39 + -10 - (37 + -4)
-22
Calculate -23 - (2 + 13 - (22 - -9 - 31)).
-38
2 + 13 - (5 + -10 + (-18 - (-46 - -10)))
2
4 + (-46 - -11 - -9)
-22
Calculate (25 - 20) + -19 + (11 - 22).
-25
10 - (0 + (0 - -2) - (645 - 636))
17
What is the value of -1 + -19 + 46 + -69 + 100?
57
What is the value of -6 - (14 + 11 + 14)?
-45
What is (-3 - (14 + -19)) + -68 + -4 - -12?
-58
-1 + (-41 - (10 - 12)) + 24
-16
Evaluate 7 - -14 - ((6 - -7) + -33).
41
What is 47 + -63 + -18 + 33?
-1
Evaluate (10 - (10 + 13)) + -59 - (-3 - -18).
-87
What is the value of 38 + (-66 - (-2 + -37)) - 33?
-22
8 - (6 - 1 - (0 + 50 + 9))
62
What is 5926 - 5881 - (-11 + 1)?
55
Evaluate 42 + -48 + (-10 - (3 - 10)).
-9
Evaluate -12 + -2 + (22 - -19) + -22.
5
Evaluate -1 + (7 - (10 + -9) - (-10 - -10)).
5
What is the value of 405 + -151 - (150 + 1)?
103
What is the value of -29 + 9 + 4 - ((-1 - 3) + 2 - 7)?
-7
What is (7 - (-33 - -10)) + (5 - 16) - -5 - 11?
13
What is (12 - 42 - -26) + 42?
38
What is the value of (2 - -43) + 2 + 3 - (21003 - 21022)?
69
What is -3 + 9 + -8 - (-103 + 89 + (1 - -19))?
-8
What is -4 - -9 - -9 - (30 + 17 + 24)?
-57
-56 + (4 + -39 - -48)
-43
What is (-1 + 0 - -57) + (-1 - -7) + -471 + 459?
50
Evaluate (-9 - (29 + -9 + 28)) + 11.
-46
What is the value of 11 - (20 + -46 - -22) - (-2 - -13)?
4
Evaluate (0 - 13) + (75 - (23 - -27)).
12
What is the value of 22 - (68 + 0 - (-15 - (-60 - -43)))?
-44
68 + (184 - 166) + -10 + (2 - 1)
77
What is the value of 0 + 2 + (0 + 10 - (-40 + 64))?
-12
What is (-33 - (-14 - -42)) + 50?
-11
What is the value of (-12 - (-5 + 8)) + -3 + -2 + -5 + -1?
-26
Evaluate (1 - -1) + (7 - -1 - 13) + 126.
123
Calculate 709 + -650 + 5 + -86.
-22
What is 32 - (0 + -6 - (752 - 737))?
53
Calculate -29 + (-10 - (34 - 48) - -12).
-13
(-12 - -25) + (-65 - (-13 + -17))
-22
(130 - (-89 - -137)) + 21
103
-17 + -1 - (153 + (-2 - 100))
-69
What is (3 - 5) + -3 - (22 + (-5 - 11) + -55)?
44
Evaluate (2 + (6 - 9) - -4) + -65 + -4 + 3.
-63
What is (-8102 - -8125) + (3 - -2)?
28
What is -114 + -86 - -202 - (35 + 0)?
-33
-37 + -63 + 108 - 53
-45
Evaluate (-1 - -8) + -22 + 10 - (2 - (106 - 2)).
97
-23 - (-62 - 